+ 12*m**2. What is n(9)?
-16
Let k(z) = -2*z + 3. Suppose 0 = 7*v - 182 + 105. Let b(x) = 9*x - 94. Let m be b(v). Give k(m).
-7
Let r be 21/(-14) - 1/((-4)/90). Suppose h + 3*n + 12 = 6*n, -2*h = 3*n - r. Let x(o) = -12*o + o - 4 + 4*o + o**h + 5*o**2. What is x(-6)?
2
Let l be 0 + (-2)/1 - -5. Let t(i) = i**2 + 8 + 12*i + i**2 - l*i**2. Let g(a) = -a**3 - 168*a**2 - 1122*a + 817. Let f be g(-161). What is t(f)?
8
Let t(p) = -p**2 + 88*p - 251. Let d be t(85). Let s(q) = 3*q - 56. Calculate s(d).
-44
Let y(j) = 4*j - 109. Let b(x) = -25*x + 706. Let k(s) = 6*b(s) + 39*y(s). Calculate k(13).
63
Let f(j) = j**2 + 9*j - 9. Let l(c) = -6*c - 30. Let o be l(-7). Suppose -5*d = 4*q + 24, q = 13*d - o*d + 12. Give f(d).
-17
Let c be 14*(-214 - -212)*(-1)/(-7). Let s(n) be the third derivative of 3*n**4/8 + 5*n**3/6 - n**2. Calculate s(c).
-31
Let x(z) be the third derivative of -z**6/120 + 3*z**5/20 + z**4 - 5*z**3/3 - 30*z**2. Let c be x(11). Suppose -c*k - 53 + 5 = 0. Let d(l) = l - 1. Give d(k).
-5
Suppose -5*u = -c - 61, 4*u - 32 = -17*c + 15*c. Let d(q) = -q**2 + 5*q + 57. Determine d(u).
-9
Suppose 5*y + 35 = 4*c, -4*y = 6 + 6. Let d(u) be the third derivative of u**4/24 - u**3/6 - 14*u**2. Let p(t) = t + 4. Let o(b) = 3*d(b) - p(b). Give o(c).
3
Let c(a) = a + 4. Suppose 2*o - 3*o + 15 = 0. Suppose 7 - o = -2*b. Suppose 3*h - 3*t + 15 = 0, -b*t = 2*h + t + 3. What is c(h)?
0
Let c(o) be the first derivative of -o**2/2 + 9*o + 39. Let t be ((-35)/(-20))/(2/8). Determine c(t).
2
Let w(y) = -5 - 37*y + 13 + 6*y - 12. Give w(1).
-35
Let d(r) = r. Suppose -3*l + 0*l + 3 = -3*s, s - 7 = -3*l. Suppose l*w - 3*w + f = -1, -4*w - f = -9. Determine d(w).
2
Let g(o) = 3*o**2 + 9*o + 16. Let n(r) = -2*r**2 - 2*r - 15. Let z(v) = -3*g(v) - 4*n(v). What is z(-20)?
-8
Let n(s) = -s**2 - 35*s + 51. Let i(l) = -l + 1. Let t(x) = -10*i(x) + n(x). Give t(-27).
-13
Let b be 10/16 - 2 - 42/(-112). Let f(z) = -4*z - 5. Give f(b).
-1
Let c(l) be the third derivative of l**7/840 + l**6/60 + l**5/60 - l**4/6 - 2*l**3/3 + 126*l**2. Let a(p) be the first derivative of c(p). Give a(-4).
20
Let s = 116 + -99. Let o(b) = 34*b + 44*b - 76*b + s. Give o(-7).
3
Let x(m) = -m**3 + 4*m**3 + 1772*m**2 + 3*m - 1750*m**2 - 19 + m. Determine x(-7).
2
Let k(c) be the second derivative of c**5/20 - c**4/4 - 5*c**3/6 + 3*c**2 - c. Let g = -203260 + 203264. Calculate k(g).
2
Let k(g) be the second derivative of -g**4/12 + 3*g**3/2 - 9*g**2/2 + g. Suppose -5*d = 4*v + 3452, 2*d + 38*v + 1394 = 43*v. Let r = d + 699. Determine k(r).
5
Let r(p) = p**3 + 44*p**2 - 44*p + 51. Suppose -2*f - 5*o - 141 = -16, 4*o + 73 = -f. Calculate r(f).
6
Let x be (-6)/9*9 - -7. Let d(g) = -23*g**3 - 3*g + 3. Calculate d(x).
-23
Let u = -5253 + 5264. Let t(c) = -2*c**3 + 23*c**2 - 13*c - 11. Give t(u).
-33
Let i = -4758 + 4780. Let f(x) = -x**3 + 23*x**2 - 20*x - 31. Calculate f(i).
13
Suppose -20162 = 24*u - 20210. Let l(d) be the second derivative of 1/12*d**4 + 0*d**u + 1/2*d**3 + 17*d + 0. Give l(-4).
4
Let m(c) = -8*c - 40. Let v(r) = -13*r - 62. Let y(t) = 8*m(t) - 5*v(t). Calculate y(7).
-3
Let q = -13 - -21. Let o(v) be the first derivative of -74 - 1/2*v**2 + 2*v. What is o(q)?
-6
Let y(z) be the first derivative of -z**2/2 - 11*z - 778. Suppose -5*x - 77 = 4*k, 5*x + 13 = k - 74. What is y(x)?
6
Let d(t) = -3*t**2 - t + 1. Let m be d(-2). Let b(k) be the third derivative of -k**4/24 + k**3/2 + 504*k**2. Calculate b(m).
12
Let u(p) = -p**3 - 9*p**2 + 7*p - 8. Let g be (6 - 26)*(-3)/15*35/(-14). Calculate u(g).
22
Let h(v) = 2 - v**3 - 4*v**2 - 2 - 2*v + 2. Suppose -1 = -2*u - 3*f, 0*f = 4*u - 2*f - 10. Suppose s - 8 = 4*m, -u*m + 4*s = -s - 14. Give h(m).
-1
Let r(f) = -27*f - 399. Let y be r(-15). Let a(o) = -82940*o + o**2 + y + 8 + 82940*o. Suppose -3*l = 5*n + 20, 0 = -3*l + 4*n - 0 + 16. Calculate a(l).
14
Let x(k) be the third derivative of k**7/2520 - 7*k**6/720 - k**5/120 + 161*k**4/24 + 4*k**2 - 2. Let w(j) be the second derivative of x(j). Give w(10).
29
Let x(l) = 14*l**3 + 61*l**2 + 47*l + 36. Let h(p) = 9*p**3 + 41*p**2 + 31*p + 24. Let i(m) = -8*h(m) + 5*x(m). Give i(-11).
10
Let g(p) = -2*p - 61. Suppose 42*l + 20*l = 20*l - 714. What is g(l)?
-27
Let g be -9 + ((-4)/(-1))/4. Let s be (-2)/g - 33/(-12). Let a(u) = -u**3 + 2*u + 1 + 2*u**2 - 10*u + 8*u + 3*u. Calculate a(s).
1
Let g(y) = -y**2 - 9*y - 8. Suppose -6*n = -2*n + 24. Let a be g(n). Let q be (a/(-4))/((-2)/(-4)) + 3. Let h(r) = -r**3 - r**2 - r + 2. What is h(q)?
8
Let y(f) = -f + 17. Let p be y(7). Let z(c) be the first derivative of c**2/2 + 3*c - 11104. Calculate z(p).
13
Let p(t) = 11*t - 18. Let d be p(13). Suppose -14*z - 27 + d = 0. Suppose -16*x + z*x = 36. Let f(j) = -j**2 - 4*j - 2. What is f(x)?
-2
Let x(a) = 2*a**2 + 16*a - 37. Let z(y) = y**2 + 8*y - 19. Let w(g) = -6*x(g) + 13*z(g). What is w(-10)?
-5
Let c(n) = 5*n**2 + 2*n + 3. Let g = -240 - -224. Let t(x) be the third derivative of x**4/8 + 23*x**3/3 - 2*x**2. Let d be t(g). What is c(d)?
19
Let f = -18219 - -18237. Let j(m) = 2*m**2 - 37*m + 35. Determine j(f).
17
Let c(w) be the first derivative of w**7/840 - w**6/360 - 9*w**4/8 + w**3/3 - 7*w + 133. Let n(z) be the third derivative of c(z). Give n(0).
-27
Let n(a) = a + 26. Let y be (-30)/35*(49 + -21). Give n(y).
2
Suppose -4*u = -v - 15, -5*u + 2*v + 24 = -v. Let g(y) = -12341 + 3081 + 3086 + 3087 + 2*y + 3083. Determine g(u).
2
Let z(y) = -y**2 - 3*y + 2. Let j be (1/(-2))/((-22)/(-12) - 2). Suppose -10 = -j*h + x, 4*h - 4*x - 12 = -h. Suppose -h*n - 3 - 13 = 0. Calculate z(n).
-2
Let p(v) = 3*v**3 + v**2 - 37*v - 224. Let m(n) = -4*n**3 + 3*n**2 + 39*n + 222. Let y(q) = -2*m(q) - 3*p(q). Give y(-10).
-2
Let x(d) be the second derivative of 13*d**3/6 - 3*d**2/2 - 314*d. Determine x(6).
75
Let z(c) = 4 + 6 + 7*c - 1. Let j(o) = 182*o - 21118. Let d be j(116). Determine z(d).
-33
Let f(q) = -61*q + 51. Let k(d) = -120*d + 86. Let c(r) = 5*f(r) - 3*k(r). What is c(1)?
52
Let u = 1 - 0. Let x be (4 - 1)/(u/(-1)). Let y(l) = -l**2 + 328*l - 7*l**2 - 331*l + 7*l**2. Give y(x).
0
Let d(l) = 3*l + 5. Suppose 8*f = 163 + 1965. Let m = f + -156. Let s = 106 - m. Give d(s).
-7
Suppose -288 + 2108 = -455*s. Let c(j) = j**3 - 2*j**2 - 9*j - 2. Calculate c(s).
-62
Let h = 27 + -83. Let s = 71 + h. Let k(z) = 3 + 23*z - 12*z - s*z. Determine k(2).
-5
Let f = 27 + -24. Let b be -2 + -1 + 0 + (f - 2). Let j(v) = -1. Let k(y) = -y + 6. Let g(i) = -11*j(i) - 2*k(i). Give g(b).
-5
Let i(r) = -44*r + 11 - 2*r**2 + 35*r + 18*r + 3*r**2. Determine i(-4).
-9
Let k be ((-1)/2)/(1/6). Let r(z) = -3*z**2 - 6. Suppose 6*b = 5 + 19. Let l(g) = -7*g**2 - 13. Let s(o) = b*l(o) - 9*r(o). Give s(k).
-7
Let r be ((4/3)/2)/((-60)/630). Let p(z) = z + 4. Let b(y) = y + 4. Let o(d) = 7*b(d) - 6*p(d). Give o(r).
-3
Let f(u) = -u + 1. Let i = 146 + -81. Let h be (-3)/6 + i/2. Suppose 25 = -h*p + 27*p. Give f(p).
6
Let i(g) be the second derivative of -3*g**5/20 + g**2 + 1184*g. Give i(2).
-22
Let v = 462 - 458. Let y(j) = -4*j**2 + 28*j - 1. Let a(k) = 2*k**2 - 13*k + 1. Let h(g) = v*y(g) + 9*a(g). Determine h(6).
47
Let r(h) = -3*h**3 + 7*h**2 - h - 9. Let f(m) = m**3 - 4*m**2. Let w(z) = -2*f(z) - r(z). What is w(-3)?
-12
Let i be ((-6)/(-10))/((-13)/(-65)). Suppose 3*b - 63 = -15. Suppose -i*a = -0*a + k + b, -3*k - 8 = a. Let f(q) = q**3 + 6*q**2 + 8*q + 3. Give f(a).
-12
Let l(u) = 10*u**3 - 172*u**2 + 333*u - 367. Let i(s) = -s**3 + 19*s**2 - 37*s + 40. Let b(f) = 19*i(f) + 2*l(f). Calculate b(-19).
7
Let l(q) = -7*q + 1. Suppose 3*r + 3*v = -6, -2*v = -5*r - 4*v - 13. Let f be (4/6)/(4/(51 + r)). Suppose 0 = -f*m - 6 - 2. What is l(m)?
8
Let p(b) = -3*b + 19. Let v be p(8). Let l(n) = -2. Let f(u) = -11. Let y(z) = f(z) - 6*l(z). Let x(s) = s**2 + 5*s. Let g(o) = -x(o) - 2*y(o). Calculate g(v).
-2
Let z = -87041 - -87045. Let w(l) be the second derivative of -l**3/6 + l**2/2 - l. Give w(z).
-3
Let l(h) be the first derivative of 4*h - 3/2*h**2 - 131. What is l(4)?
-8
Let h be (-10)/(-4) + (-1)/(-2). Let d be (128/(-40))/(2*(-7)/105). Suppose 32 - 4 = -h*g - w, 0 = 3*g + 3*w + d. Let f(p) = -p**2 - 8*p + 14. Calculate f(g).
-6
Suppose -64 = -160*x + 71*x + 73*x. Let w(o) = o**2 - 10*o. Give w(x).
-24
Let j(n) = 2 - 79*n + 11